30)/(z/(1 + (-68)/8))?
5
Suppose 28 = 8*z + 4. Suppose 14 = -w - 4*p, -3*p - 1 + 4 = z*w. Let g(j) = 21*j + 1. What is the units digit of g(w)?
7
Let n(f) be the third derivative of 3*f**5/5 - f**4/6 - 5*f**3/6 + 41*f**2. What is the tens digit of n(-2)?
4
Let r be (-11*2/(-10))/((-4)/(-20)). Let d = -92 - -29. What is the tens digit of 1/(-2)*(d + r)?
2
Suppose -55 = 4*q - 3*o, 2*q - 3*o = 7*q + 35. Let d(y) = -10*y + 152. What is the hundreds digit of d(q)?
2
Let v = -47459 - -81173. What is the units digit of v?
4
Let q = 64 - 38. Let k = q + -42. What is the units digit of k/136 - 2214/(-34)?
5
Suppose 0 = 4*i - 0*i + 32. Suppose -c - 5 = 5*f + 4*c, 0 = -3*c + 6. Let g = f - i. What is the units digit of g?
5
Let q be ((-38)/1)/(195/99 + -2). Suppose s = -2*s - 5*t + 932, -4*s = t - q. What is the hundreds digit of s?
3
Let f be -8 - (4 + -5) - -28. Let m = 683 - f. What is the tens digit of m?
6
Let k be 3/(((-15)/80)/(-1)). Suppose -2*d + 4 = 2*a, 2*a - 2*d = -0*a + k. Suppose 5*h = 10, -14 = -a*q + 5*h + 51. What is the units digit of q?
5
What is the units digit of (-7 + 1 - -14631) + -5?
0
Suppose 6645 + 18345 = 5*m. What is the hundreds digit of m?
9
What is the thousands digit of 11 + 53289 + (-24 - -37)?
3
Let o be 39/(-15) + 4/(-10). Let k(j) = -24*j**2 + j + 1. Let n(m) = -149*m**2 + 7*m + 3. Let p(d) = 6*k(d) - n(d). What is the tens digit of p(o)?
5
Let w = 109 - 106. Suppose 0 = w*g - 5*g + 2*d + 464, 4*g + 5*d - 964 = 0. What is the units digit of g?
6
Let j(v) = -5*v**3 - 24*v**2 - 36*v + 2. Let x(y) = 7*y**3 + 23*y**2 + 37*y - 2. Let m(s) = -4*j(s) - 3*x(s). What is the tens digit of m(27)?
8
Let s(f) = 31*f - 3. Suppose -2*y - 222 = -232. Let j be s(y). Suppose -2*n - d + j = n, -4*n + 4*d = -192. What is the units digit of n?
0
Let k(u) = -14*u**3 - 170*u**2 - 9*u + 62. What is the thousands digit of k(-18)?
6
Let n be (-2 + 2 + -1)*(-2 + -1). Suppose 0 = 3*f - 3*m - 951, -4*f = f - n*m - 1575. Let p = f + -176. What is the hundreds digit of p?
1
Suppose 5*b - 26843 = -g + 302301, 0 = g - 9. What is the ten thousands digit of b?
6
Let u = 1473 - 2190. What is the hundreds digit of (u - -3)*((-288)/63 - -2)?
8
Let n(u) = 23*u**2 - 8*u + 2. Let c(h) = h**3 + 10*h**2 - 11*h - 4. Let i be c(-11). What is the tens digit of n(i)?
0
Let j be 374/18 + 2/9. Let f(l) = 6 + j*l + 4 + 0. What is the units digit of f(5)?
5
What is the thousands digit of ((-1)/4)/(8/4 + (-209210)/104600)?
2
Suppose 0 = 39*z - 23*z + 128. Let v(w) = -16*w - 8. What is the tens digit of v(z)?
2
Suppose -25715 = -5*b + 5*u, b - 4426 = -2*u + 702. What is the tens digit of b?
3
Suppose 12*t - 67118 = -29*t + 362972. What is the thousands digit of t?
0
Suppose 3 = 7*x - 6*x, 3*p - 6966 = 2*x. What is the tens digit of p?
2
Let c = -9 + 13. Let x = 182 - -118. Suppose v - x = -c*v. What is the units digit of v?
0
Let u = 129 + -125. Suppose -k + o = -1329, -u*k + 3376 + 1940 = 5*o. What is the hundreds digit of k?
3
Let l(m) be the third derivative of -149*m**4/12 - 5*m**3/3 - 2*m**2 + 6. What is the hundreds digit of l(-1)?
2
Suppose 36*h - 22*h - 1736 = 0. Suppose -h*r + 118*r = -2814. What is the hundreds digit of r?
4
Let r be (21/(-9))/(7/21). Let w(c) = 6*c**2 - 18*c - 16. Let z be w(r). Suppose 2*b = -2*b + z. What is the tens digit of b?
0
Suppose 78*m - 82*m + 12 = 0, 0 = -3*b - 5*m + 40179. What is the ten thousands digit of b?
1
Suppose 11*g - 75 = -75. Let l(d) = 2*d**3 - 10*d + 1306. What is the units digit of l(g)?
6
Let d(g) = -g**2 - 20*g - 29. Let p be 1*(2/7 - (-12)/(-42)). Let f be (-13)/4*(4 + p). What is the units digit of d(f)?
2
Suppose 2*x + 116 = -2*m, -m + 11*x - 6*x - 40 = 0. What is the units digit of (-100)/(-6)*((-1441)/m - 1)?
0
Suppose 0 = b - 9*b + 288. Let h = b - 32. Suppose h*k - 4*w - 544 = 0, -266 = -4*k + 2*k + 4*w. What is the units digit of k?
9
Let c(p) = -2*p - 38. Let f be c(-19). Let j = -3 + 9. Suppose 2*v + j*v - 864 = f. What is the hundreds digit of v?
1
Let j = 12735 - 6222. What is the hundreds digit of j?
5
Let h(n) = 2*n**2 - 3*n - 5. Let y be h(-3). Suppose -5 = 27*q - y*q. Let j(r) = 130*r**2 + r + 1. What is the tens digit of j(q)?
3
Let p = 3650 - -95. What is the units digit of p?
5
Let j be (-482)/3 + (5 - (-57)/(-9)). What is the tens digit of (-2)/(-12)*1 + (-31563)/j?
9
Suppose 8*b - 26957 = 4*b - m, -2*b + 13491 = 3*m. What is the tens digit of b?
3
Let d(z) = -z**3 + 7*z**2 - z + 14. Suppose -6*r = -r - 35. Let c be d(r). Let a(n) = n**2 + 2*n - 10. What is the units digit of a(c)?
3
Suppose -6*z + 21 = -45. Let w(a) = 69*a - 43. What is the units digit of w(z)?
6
What is the units digit of 2144/(-6)*(86/(-16))/((-4)/(-24))?
4
Suppose 4*k + 131 = 147. Suppose 4*j = -s + 2*j + 597, -k*j - 16 = 0. What is the units digit of s?
5
Let m(x) be the third derivative of 19*x**4/24 - x**3/6 + 27*x**2 + 2*x. What is the tens digit of m(1)?
1
Suppose -p - 4 = 5*z - 7*z, -2*p = z - 2. Let s(g) = 39*g**3 + 4*g**2 - 3*g - 4. What is the units digit of s(z)?
8
Suppose -9382 = -3*i + 2*l, 3*i - 8*l + 12*l = 9388. What is the hundreds digit of i?
1
Suppose 14*y = 30*y - 78928. What is the hundreds digit of y?
9
What is the thousands digit of (-599494)/(-98) - 40/(-56)?
6
Let i = 1317 + -568. Let p = -441 + i. What is the hundreds digit of p?
3
Suppose -9*p = -8*p + 25. Let a = -22 - p. Let o(v) = 14*v - 13. What is the tens digit of o(a)?
2
Let x(t) = t**2 - 8*t + 14. Let i be x(3). What is the tens digit of (5*i/(-5))/((-2)/(-182))?
9
Let r(t) = 2073*t**2 + 4*t + 94. What is the hundreds digit of r(-4)?
2
Let j(z) = 81*z**2 - 26*z + 12. What is the hundreds digit of j(-3)?
8
Let v be -3 - 0 - (-3)/(1 - 0). Suppose -4*u - 2 = -t - 23, 3*t + 18 = 3*u. Suppose v = -9*m + 8*m + u. What is the units digit of m?
5
Suppose 2*h + 32686 + 9049 = t, 0 = 3*t - 4*h - 125197. What is the hundreds digit of t?
7
Suppose 0*p + 4*p = -4*r + 11696, -3*p + 2*r + 8797 = 0. What is the units digit of p?
9
Let x = 34042 + -29749. What is the hundreds digit of x?
2
Let o(x) be the second derivative of 13*x**4/8 - x**3/6 + 21*x**2/2 - 23*x. Let c(m) be the first derivative of o(m). What is the hundreds digit of c(4)?
1
Let y = 13972 + 2107. What is the hundreds digit of y?
0
Let l = -61 + 441. Suppose 6*c = 2*b + 3*c - 224, 0 = b - 2*c - 113. Let v = l - b. What is the hundreds digit of v?
2
Let b(a) = a**3 + 3*a**2 + 7*a + 6. Let n be 27/54*(-15 + 1). Let i be b(n). Let x = 398 + i. What is the tens digit of x?
5
Let y(g) = -8*g**2 + 677*g + 6. What is the tens digit of y(33)?
3
Suppose -166*o + 4474536 = -2286810. What is the tens digit of o?
3
Let w(h) be the third derivative of h**6/120 - h**4/24 - 205*h**3/6 + 6*h**2. Let s be w(0). Let j = s - -302. What is the units digit of j?
7
Suppose -q - 5 = -21. Let g be ((-44)/10)/(-1)*(-21 + q). What is the units digit of (g/55)/(1/(-5))?
2
Let y(w) = 6*w + 15. Let l(b) = -11*b - 29. Let a(v) = -4*l(v) - 7*y(v). Let z be a(-4). What is the tens digit of (244/(-24))/(z/(-18))?
6
Let o = 8283 + -4593. What is the thousands digit of o?
3
What is the thousands digit of (-2)/7 - (-1180740)/420?
2
Let d be (1 - -17)/((-4)/(-20)). Suppose -4*s - 2*o - 63 + 267 = 0, -2*s = -5*o - d. What is the tens digit of s?
5
Suppose -1200754 - 704460 = -118*y - 32318. What is the tens digit of y?
7
Let k(q) be the third derivative of q**5/60 - 5*q**4/8 + 8*q**3/3 + 5*q**2. Let z be k(14). Suppose -86 = -z*w + 30. What is the units digit of w?
8
Let v(p) = 8*p - 25 - 31*p - 44. What is the tens digit of v(-14)?
5
Suppose -7*z = -14*z + 357. Let x = z + -30. What is the tens digit of (-2)/7 - (-1014)/x?
4
Let b = -15402 - -21591. What is the units digit of b?
9
Let z(f) = 2*f**2 + 3*f + 20. Suppose 8*a - 9*a = 7. Let r be z(a). Let x = r + -17. What is the tens digit of x?
8
Suppose 0 = 3*z - 2*q - 6, 5*z - q = 4 - 1. Suppose z = 4*g - 7*g + 1308. Suppose 5*a = g + 339. What is the hundreds digit of a?
1
Suppose 548658 + 197749 = 49*z + 119550. What is the units digit of z?
3
Let b(k) = -46*k + 2 + 41*k + 0 - 31*k - 51*k. What is the hundreds digit of b(-3)?
2
Suppose -2*m - 5*w = -3*w - 10374, -5*m + 4*w = -25917. What is the units digit of m?
5
Let t be 1 + 28 + -5 + -2. Suppose -2*f = -2*i + 28, 4*i 